+ 4. Let s(w) be the second derivative of -1/2*w**j + 0 + 12*w + 1/2*w**3 + 1/6*w**4. Give s(-3).
8
Let i(w) = -5*w - 8. Let a be i(-2). Let u(y) = -y**3 - 4*y**2 + y - 1. Let o(d) = -5*d**3 - 17*d**2 + 4*d - 4. Let n(v) = -2*o(v) + 9*u(v). Give n(a).
1
Let h(u) = 15*u**3 + 9*u**2 + u - 4 - 16*u**3 + 4*u**2 - 11. Let j be h(13). Let n(g) be the third derivative of g**6/60 + g**3/6 + g**2. Determine n(j).
-15
Let a(s) = -2*s**2 + 3*s - 2. Suppose -3*n = 3*f - 12, -f = -5*n + 4*n. Suppose n*d + 2 = -3*i - 2*d, -5*i = -4*d - 18. What is a(i)?
-4
Let n(o) be the first derivative of -o**2 - 2*o - 26. Calculate n(2).
-6
Let r(z) = 4*z**2 + 6*z - 4. Let t(o) = o**2 + o. Let i(j) = r(j) - 5*t(j). Let a be i(0). Let y be a/(-6) + 3/9. Let g(s) = 8*s**3 + 2*s - 1. Give g(y).
9
Let t(g) = -g**2 - 7*g + 16 - 12*g - 48. Give t(-17).
2
Let b(w) = 8*w**3 + 2*w - 1. Suppose 6*t - 52 = -4. Suppose 13*o = t*o + 5. What is b(o)?
9
Let t = 1819 - 1801. Let j(a) = 2*a - 33. Give j(t).
3
Let i(v) be the first derivative of 5*v**2 - 12 + 6*v - 1/4*v**4 - 8/3*v**3. Calculate i(-9).
-3
Suppose 14 = 2*j - 5*l - 7, -3*l - 9 = 0. Let a(v) be the third derivative of -5*v**2 + 1/60*v**5 + 0*v - 1/120*v**6 + 0 + 1/2*v**3 + 1/8*v**4. Calculate a(j).
-6
Let h(d) = -26 + 35 - 8 + d + 8*d**2. Give h(-1).
8
Let j = 2 + -1. Let a(g) be the first derivative of 5*g**3/3 + g**2/2 - g - 50. Determine a(j).
5
Let r(m) = 7*m**2 - 17*m - 13. Let l(i) = 10*i**2 - 25*i - 20. Let y(s) = 5*l(s) - 7*r(s). Let g = 32 + 4. Suppose 34 + g = 10*z. Give y(z).
-2
Let o(v) = -4*v + 6*v**3 + 2*v**2 + 3 - 3*v**2 - 9*v**3. Let y(s) = s**3 + s**2 + s - 1. Let q(l) = o(l) + 2*y(l). Calculate q(1).
-1
Suppose -134 = -10*u - 64. Let o(q) = -q**3 + 8*q**2 - 8*q + 2. Determine o(u).
-5
Suppose 16 = 4*n - 0*n. Let a(m) = n*m - 2*m**2 + 2*m**2 - 3*m**2 - 1. Calculate a(3).
-16
Let n(c) = c**3 - 11*c**2 - 14*c + 13. Let t = 240 - 228. What is n(t)?
-11
Let l(k) be the first derivative of k**2/2 - 6*k - 155. What is l(7)?
1
Let p(s) = -s**3 - 9*s**2 + 11*s + 12. Let q be p(-10). Let r be q*-3*(-8)/12. Suppose -5*c = -r - 6. Let y(k) = -k**2 + 2*k - 2. Determine y(c).
-2
Let b = -18 + 20. Let c(t) = -1 + t**3 - 4*t - 4*t**3 + b*t. Calculate c(-1).
4
Let o(m) = m**3 + 7*m**2 + 3*m + 5. Let d(x) = x**3 + 8*x**2 + 3*x + 6. Let p(v) = -4*d(v) + 5*o(v). Suppose 2*g - t = -3, 0 = -2*t - 1 - 1. Determine p(g).
-1
Let d = 110 + -115. Let i(x) be the first derivative of -x**3 + 3*x**2/2 - 3*x + 2. Let j(h) = 4*h**2 - 2*h + 2. Let q(v) = d*i(v) - 4*j(v). Give q(-8).
-1
Let n(y) = y - 1. Suppose -8*g + g - 49 = 0. Calculate n(g).
-8
Let w(h) = 150*h + 1052. Let k be w(-7). Let v(r) = r**3 + r**2 + 3*r - 3. Calculate v(k).
15
Let l(a) = -7*a + 8. Let k(f) = 14*f - 17. Let z = -5 + 9. Let w(u) = z*k(u) + 9*l(u). Let y(j) = 6*j - 4. Let h(i) = 3*w(i) + 4*y(i). Give h(3).
5
Let k(s) be the second derivative of -14*s + 1/6*s**4 + 0*s**2 - 1/3*s**3 + 0. Calculate k(3).
12
Let n(l) = -2*l + 4. Let r be n(2). Let g(i) = -10*i + 25. Let a(p) = 13*p - 25. Let o(y) = 3*a(y) + 4*g(y). Give o(r).
25
Let t be 5/25 + 152/(-10) - -3. Let o(y) = y**3 + 12*y**2 + y + 3. What is o(t)?
-9
Let o(h) = -2*h**2 - 11*h + 12. Let a be o(-7). Let q be (-12)/(-9)*(-3)/6*a. Let i(n) = -n - 2. What is i(q)?
-8
Let v(m) = -9*m**2 + 1. Let b be (36/7)/(4/42). Let c = b + -55. What is v(c)?
-8
Let p(q) = 23*q**2 + q - 2. Let v = 340 + -339. Give p(v).
22
Let s be ((-2)/2)/((-3)/30). Suppose a = 6*a + 2*h - 76, s = a + 3*h. Suppose 5*f = 4*k - 16, -3*k + a = -3*f - 7*k. Let m(c) = -c - 6. Determine m(f).
-2
Let k(c) = -c**2 - 4*c + 1. Suppose 4*u - 5*w = -12, -4*w - w = 5*u - 30. Let r be u/5 + 272/(-80). Let s be k(r). Let j(n) = n**2 - 5*n + 6. Determine j(s).
2
Let p(i) be the first derivative of 9*i**2/2 - 2*i - 35. Give p(4).
34
Let a be (2/(-4)*-4)/(20/30). Let z(t) = -8*t**2 - a - 19*t + 2 + t**3 + 26*t. Calculate z(7).
-1
Let m(h) be the first derivative of -h**2/2 - h + 475. Determine m(-4).
3
Let w = -129 + 131. Let x(c) = 3*c**2 - 2*c**2 - 5 - 6*c + 0*c**w. Calculate x(7).
2
Let y(d) be the second derivative of -d**8/6720 - d**7/1260 + d**5/120 + 5*d**4/2 + 24*d. Let h(x) be the third derivative of y(x). Determine h(-1).
0
Let s(c) = -c - 1 + 3*c + 2. Let y = 39 - 36. Suppose 0 = -y*t + 29 - 41. Give s(t).
-7
Let t(m) be the second derivative of 0*m**2 - 1/3*m**3 - 2*m + 0. Let q = -8 + 6. Give t(q).
4
Let g(y) = -3*y**2 - 2*y + 3. Let l(p) = 3*p**2 + 2*p - 3. Let f(a) = 3*g(a) + 2*l(a). What is f(-3)?
-18
Let l(d) be the third derivative of 1/120*d**6 + 0*d - 1/24*d**4 - 1/12*d**5 - 7*d**2 + 2/3*d**3 + 0. What is l(4)?
-16
Let f(i) be the first derivative of -i**2 - 2*i + 72. Determine f(5).
-12
Let n(v) = 4 + 4*v - 8 - 2*v. Let k = 378 - 375. Calculate n(k).
2
Let u(j) = j**2 + 3*j + 3. Let v(q) = -q**3 - q**2 + 3. Let o(z) = z**2 - 7*z. Let b be o(7). Let f be v(b). Suppose 0 = f*y + 5 + 4. Calculate u(y).
3
Let z(j) = -6*j**3 + j**2 - 5*j - 4. Let b(f) = -7*f**3 + 2*f**2 - 6*f - 5. Let r(s) = 4*b(s) - 5*z(s). Let x = 2 - 4. Give r(x).
-6
Let q(r) = -r**2 - 12*r - 11. Let x be q(-11). Suppose 2*d + 5*g - 33 = x, -5*d = g + g - 30. Let b(s) = -7*s**2 + d + 6 + 4 - 20 + s + s**3. Give b(7).
1
Let j(v) = -v**3 - 19*v**2 + 22*v + 51. Let m be j(-20). Let t(i) = -3*i + 25. Determine t(m).
-8
Let x = 10 - 7. Let a(o) = -o - 10 + x*o + 0*o. Let y = -31 + 38. Calculate a(y).
4
Let j(g) = g**2 + 4*g + 1. Suppose 3*k - 3*l - 19 = -2*l, -l = 4. Let f be 9*k/15 - 7. Calculate j(f).
1
Let b(s) = -4*s**3 + 10*s**2 - 4*s - 5. Let a(x) = -11*x**2 + 7 + 0*x**3 + 5*x**3 + 8*x - 1 - 4*x. Let d = 6 - 0. Let w(u) = d*b(u) + 5*a(u). What is w(-6)?
-12
Let c(w) = -w - 1. Let r be (9/(-12))/(21/168). Calculate c(r).
5
Let f(b) be the second derivative of -b**5/10 + b**4/6 - b**3/3 + 3*b**2/2 + b. Let k be ((-10)/4 - -1)/(381/(-508)). Give f(k).
-9
Let n(p) be the first derivative of -p**4/4 + 10*p**3/3 + p**2/2 - 3*p - 1. Let w(f) = 20*f**2 + 10*f. Let b be w(-1). Determine n(b).
7
Let i(g) be the second derivative of 7*g**3/6 - 13*g**2/2 - g - 104. Determine i(1).
-6
Let m(h) = -3*h + 6. Let c(l) = -l. Let o(t) = 6*c(t) - m(t). Suppose -3*s + 5*s - 62 = 5*x, -3*x + s = 38. Let d = x + 8. What is o(d)?
12
Let d(i) be the third derivative of i**4/8 - i**3/3 - 105*i**2. What is d(4)?
10
Let w(k) = -k**2 - 6*k - 1. Let q be w(-4). Suppose 0 = -f - 2*f + 9. Let o(t) = -t**f + 3*t + 2*t**3 - 11*t - 6*t**2 + 8. Determine o(q).
1
Suppose 57 = 20*a - 43. Let u(g) be the third derivative of -g**5/60 + g**4/4 - g**3/3 - 3*g**2. Calculate u(a).
3
Let z(r) = -27*r**2 + 39*r - 64. Let v(m) = -5*m**2 + 8*m - 13. Let l(i) = -11*v(i) + 2*z(i). Calculate l(8).
-1
Let s(k) = -4*k + 21. Let o(y) = -y**3 - 8*y**2 - 2*y - 10. Let z be o(-8). Let n be s(z). Let w(t) = -t**2 + 3*t. What is w(n)?
-18
Let k(t) = -14*t - 3. Let u(n) = -6*n - 1. Let i(m) = -2*k(m) + 5*u(m). What is i(-6)?
13
Let d(u) = -u + 3. Let l be d(-3). Suppose 0 = -2*s - 3*n - 2, -3*s + s + l = -n. Let b(w) = 5*w - 4*w - 2*w + w**s. Determine b(-1).
2
Suppose 2*y - 13 = 3*l + 3, 2*l = y - 9. Let u(f) be the first derivative of -6 + 1/2*f**2 + 0*f. Calculate u(l).
-2
Let q(d) be the third derivative of -d**4/24 + d**3 + d**2. Suppose -2*l + 3 = 3*a, 0*l - 5*a + 7 = 4*l. Suppose -l*c - 5 = -4*c. Calculate q(c).
1
Let k(r) be the third derivative of -r**5/60 + r**4/6 - 5*r**3/6 + 2*r**2 + 5. Give k(5).
-10
Suppose 3*i = j + 303, -j + 0*j = 5*i - 513. Let n = i - 103. Let u(c) = 17*c**2 + c + 1. What is u(n)?
17
Let i(n) be the third derivative of n**4/24 - n**3/6 + 7*n**2 + 1. Calculate i(7).
6
Let t(w) = -16*w - 3. Let k be t(6). Let x be (-315)/k + 2/(-11). Suppose -16 = 2*s + x*a, a - 6 = 2*s - a. Let b(u) = u**2 + 7*u + 5. What is b(s)?
-5
Let m(k) = 5*k**3 + 3*k**2 - 2*k + 4. Let u(z) = 6*z**3 + 2*z**2 - 2*z + 3. Let s(c) = 5*m(c) - 4*u(c). Let t be (4 + 35/(-10))/(7/(-98)). What is s(t)?
22
Let t(w) = -66*w + 13. Let j(x) = 185*x - 38. Let l(d) = 6*j(d) + 17*t(d). Give l(-1).
5
Let j(z) be the second derivative of z**4/4 - 5*z**3/6 + 506*z + 2. Calculate j(6).
78
Let f(m) be the third derivative of -m**4/24 - m**3 + 65*m**2. Determine f(-3).
-3
Let u(y) = -y + 6. Let o(r) = 2*r**2 - 14*r. Let t be o(7). Give u(